0 + -5 + 2 - 14?
-7
Evaluate 5 + -10 - (0 - (1 - 0)).
-4
What is the value of (-4 - -2 - 5) + 4 + 5?
2
-3 + 1 + 0 - -1
-1
What is -5 + -1 + -3 + 1 + 3?
-5
What is 2 + -9 + 4 + 0?
-3
Calculate (1 - 7) + 11 - -4.
9
(-10 - -10) + 1 - 5
-4
Evaluate (-1 - -1) + 5 + -2.
3
Evaluate 6 - (6 - (7 + -3)).
4
What is the value of -2 + -2 + (-21 - (5 - 22))?
-8
Calculate -10 - ((3 - 12) + 3).
-4
What is the value of 169 + -164 - (-1 - 3)?
9
Calculate -6 - (6 - 8 - 8).
4
What is 6 + (-6 - -5 - 8)?
-3
Calculate (-4 - -12) + -3 - 7.
-2
What is (-6 - 1 - -8) + -2 + 0?
-1
What is the value of (0 - 4) + 5 - 8?
-7
What is the value of -1 + (4 - 1) - 4?
-2
(-5 - (-2 + -6)) + -8 + 7
2
Evaluate (-12 - (-18 + 11)) + -1.
-6
Calculate 0 - (-1 + (-2 + 2 - -1)).
0
What is the value of -1 + -3 - 0 - (-55 + 56)?
-5
What is the value of -17 + 22 - (0 - 0)?
5
What is 12 + -18 + 2 + 6?
2
What is the value of 0 + (3 - 7) + 4?
0
What is (11 - 15) + (-2 - -11)?
5
(11 - 16 - -2) + 2
-1
Calculate (-9 - 4) + 10 - -6.
3
(-3 - (2 + 3 + -6)) + -1
-3
What is the value of (-2 - 3 - -1) + 6?
2
Calculate -2 + (-3 - (-3 + -4 + 1)).
1
What is the value of -2 + 2 + 2 + (10 - 9)?
3
What is -18 + 16 + (-4 - -1)?
-5
Calculate 7 + (7 + -3 - 9).
2
What is the value of -9 + (-2 - -10) + 5?
4
Evaluate -50 - -44 - (3 - 5).
-4
What is the value of (0 - -4) + 33 + -30?
7
Calculate 4 + (8 + -11 - (1 - -1)).
-1
What is 5 - (7 - -3) - -3?
-2
Evaluate -3 - (-3 - (-15 - -11)).
-4
What is the value of -2 - (-4 - -2 - (2 - 2))?
0
Evaluate 3 - 5 - (11 + -5 + -6).
-2
Evaluate 4 + -5 - (3 - 0) - 1.
-5
What is the value of -4 + 7 + -3 + 1?
1
What is 13 + -3 + -9 + -6?
-5
0 + (-1 - -5) - 7
-3
What is the value of 4 + 3 + (-12 - -9)?
4
What is the value of (3 + -6 - -6) + -2?
1
-2 + -8 + 6 + 9
5
-5 - 0 - (-3 + 2)
-4
(-4 - -9) + (-5 - -1 - 0)
1
Evaluate 6 + 0 + 0 + 10 + -9.
7
What is the value of (2 - -4) + 4 + -7?
3
What is (11 + -5 - 6) + -4?
-4
What is (-2 - 0) + (2 + 1 - 2)?
-1
Calculate -3 + 6 + (-2 - -2) - 0.
3
Evaluate 2 + (-5 - -5 - -1).
3
Calculate -4 - (-4 - 0) - (5 - 3).
-2
What is 12 - (-3 + 4 - -12)?
-1
Calculate -3 + 3 + -3 + -1.
-4
Evaluate -25 + 20 + (1 - 0) - -7.
3
Evaluate 8 + (5 - (13 - 1)).
1
5 + (3 - (9 + (0 - 6)))
5
Calculate (-10 + 5 - -8) + -2 - 5.
-4
What is the value of -2 - 1 - (-3 + -2) - 3?
-1
Evaluate -5 - 1 - (-1 - 5).
0
What is 13 + -14 + -1 + 7?
5
What is the value of -13 + 9 + -4 + 1?
-7
What is the value of 2 + -2 - (35 - 38)?
3
What is the value of 2 - (-1 + 0 + 1 + 4)?
-2
4 - (3 - 3 - 0)
4
Calculate -4 + (-2 - -8 - (3 - 0)).
-1
What is 0 + 2 + -6 - -2?
-2
Evaluate 13 - 11 - 7 - (-7 - 0).
2
Evaluate -4 + 1 + (-11 - (-14 - -1)).
-1
What is the value of 9 - (4 - 2) - 2?
5
Calculate 10 + 2 + -10 - 0.
2
What is (-3 - -6) + -2 - 0?
1
What is the value of 4 - (-4 + 1 + -4 + 8)?
3
Evaluate -4 + (14 - 6) + -1.
3
Evaluate (-2 - (-6 - (-2 + -4))) + 1.
-1
-1 - (7 - (-6 - (2 + -15)))
-1
What is -11 + (10 - -2) + (2 - -1)?
4
What is the value of -7 + 5 + 8 + -9 - -11?
8
What is 0 + (-2 - 4) + 6?
0
Calculate -1 + 2 + 4 + -3.
2
What is the value of 14 + -6 - 14 - (-1 + -1)?
-4
What is (4 - 5 - (1 - 4)) + 1?
3
What is 8 + -21 + 15 - -8?
10
Evaluate (9 + -5 - 11) + 9.
2
Evaluate 0 + -3 + 0 + 1 - -2.
0
What is the value of 2 + 1 + (-9 - -9 - 5)?
-2
-1 - (-4 + (5 - -3))
-5
Calculate 19 + -22 + 0 + -1.
-4
What is 3 - ((4 - 5) + -1)?
5
What is 9 + -12 - (0 + -8 + -1)?
6
Evaluate 0 + (5 - 1 - 3).
1
What is the value of (6 - 7) + -1 + -1?
-3
Evaluate 10 - 5 - 11 - -5.
-1
What is the value of -46 - -49 - (1 - -2)?
0
What is 1 - 3 - (-16 + 12)?
2
Evaluate 0 - 3 - (11 - 19).
5
What is the value of 11 + -4 - (10 - (1 - -4))?
2
Evaluate 3 + (3 - 5) + -3 + 1.
-1
Evaluate -3 + 4 + 2 + 3 + -7.
-1
2 - -2 - (-3 + 13 + -1)
-5
What is the value of (-3 - 3 - -7) + -3?
-2
Evaluate 1 - (-5 + -6 - -18).
-6
What is the value of 60 + -61 + (4 - -1) + -2?
2
Calculate 0 + -8 + 1 + 2.
-5
(-1 + -6 - -15) + -6
2
What is the value of 7 - (-12 + 6 + -1 - -7)?
7
What is 22 - 17 - (1 + 1)?
3
(-5 - -1) + 2 + 3
1
Calculate -3 - 4 - (-41 - -27).
7
Calculate 4 + 1 + (6 - 4) + 2.
9
What is 11 - (0 + 20 + -13)?
4
Evaluate -24 + 28 + 2 + 3 + -7.
2
Evaluate -1 - (-17 - (2 + -12)).
6
Calculate 4 - ((5 - 11) + 6) - -1.
5
What is -4 - (-6 - -5 - -2)?
-5
Calculate 9 + 2 - 6 - 10.
-5
Calculate 6 + -6 + 1 + 4.
5
Calculate (9 - (1 - 1)) + (-133 - -127).
3
2 + 5 + -10 + -12 - -7
-8
What is the value of 4 - (1 + -8 + 15)?
-4
Calculate (3 - 16) + (36 - 25).
-2
Evaluate -5 + -7 + 9 - -8.
5
Evaluate 1 - (-6 + -1) - (6 - 1).
3
Calculate 1 - 1 - ((-9 - -1) + 5).
3
1 - -2 - (6 - 3)
0
What is 3 + -5 + 10 - (-1 + 3)?
6
Calculate -1 + 1 + -5 + 0.
-5
3 - -1 - (8 + -3)
-1
What is (-1 + -8 - -3) + 8 + 8?
10
Evaluate 10 + -3 + (1 - 1) - 4.
3
Evaluate 6 - (0 + 3 + (-15 - -13)).
5
(-5 - (-3 + -1)) + -1
-2
-5 - ((-3 - (1 - 3)) + -1)
-3
What is the value of 12 + (6 - 14) - (-1 - -11)?
-6
What is -6 - (3 - (9 - 5))?
-5
Evaluate -11 - -15 - (0 - -5).
-1
0 + -17 - (91 - 104)
-4
What is (-3 - 0 - (-7 - -3)) + -6?
-5
Calculate -2 - (0 + 16 - (-28 - -36)).
-10
Evaluate 4 - 7 - ((5 - 3) + -3).
-2
Calculate (1 - -1) + 55 + -54.
3
What is the value of (2 - (2 - 0)) + 44 + -34?
10
Evaluate 2 + -3 + 2 - 3.
-2
What is the value of 2 - (1 + 7 + 0)?
-6
What is -3 + (1 + 1 - -3) - -2?
4
Evaluate -18 - -7 - -8 - 6.
-9
Calculate -1 - (4 - 5 - -4) - 0.
-4
Calculate -2 + (-3 - (3 + -4)) + -4.
-8
What is (6 + -7 + 2 - -5) + -1?
5
-5 + (-8 - (5 - 10))
-8
What is 7 + 4 + -10 + 4?
5
Evaluate 0 - (0 + (2 - -2) - 6).
2
(-7 - -11) + -6 + 8
6
Calculate 2 - ((6 - 1) + 0 + 1).
-4
Calculate -5 + -11 + 1 + 9.
-6
Evaluate 4 + (-1 - 5) + 4 + -5.
-3
What is -4 + 2 + (-63 - -73)?
8
8 + (-4 - (7 - 7)) + -6
-2
What is 0 + -9 + (2 - -4)?
-3
Evaluate 3 - 1 - (6 - 1 - 4).
1
Calculate -7 - (2 - (4 + -2)).
-7
Evaluate -3 + 1 - (-2 + 4).
-4
Calculate (6 - 3) + 5 + -3 + 0.
5
What is (6 - 3) + 1 + -6 - -6?
4
Evaluate 11 + -4 + -3 - 6 - 2.
-4
Calculate 2 + (-2 - (-3 - 0) - -2).
5
-3 - -3 - (7 - (-4 + 7))
-4
What is -16 + 26 + -9 + 2?
3
Evaluate (-2 - 2 - 1) + -13 + 22.
4
Evaluate 11 + -2 - (9 + (7 - 12)).
5
Calculate 5 + -2 - (2 + -1).
2
What is (-2 - (8 + -16)) + -1?
5
What is 9 + 1 + 7 + -14?
3
Evaluate (10 - -2) + (90 - 96).
6
Evaluate 1 + (1 - 3 - -1) + 5.
5
(-4 - -11) + (1 - 3)
5
What is (-9 - -6) + (3 - 6) + 11?
5
What is the value of -17 + 15 + (2 + 1 - 2)?
-1
What is the value of (3 + 2 - 5) + (10 - 15)?
-5
What is -1 + -1 + 0 + -3?
-5
-1 - (-5 - 3) - 2
5
What is the value of 6 - (-11 + (6 - -5))?
6
What is -1 + -6 - (-3 - (-8 + 8))?
-4
What is (-6 - 1 - -6) + 3?
2
Calculate (-1 - 2) + 0 + 1.
-2
Evaluate -3 + -4 + 3 + 0.
-4
-2 - (-1 - (2 - 7))
-6
What is -26 + 21 + 5 + (-9 - 0)?
-9
Calculate 3 - (-1 + 2) - (5 + 2).
-5
What is the value of -6 - 0 - (-31 - -26)?
-1
What is (-11 + 10 - -7) + 2?
8
Calculate 3 + -10 + -3 + (10 - 4).
-4
What is (-51 - -44) + 1 + 4?
-2
What is -5 - 2 - -3 - -5?
1
What is the value of 4 + -1 + -1 - (-9 + 17)?
-6
What is (-2 - -1) + (-43 - -42)?
-2
What is 14 + -9 + (-2 - 1)?
2
Calculate 6 + -3 - (-4 - -2).
5
What is the value of 5 + -3 + (0 - (-3 - -4))?
1
4 - 9 - (7 - (-3 + 10))
-5
-8 - ((-3 - (-4 - -5)) + 6)
-10
What is -8 - (3 - 4) - (-3 - -2)?
-6
Calculate 2 - (6 + (8 - 6 - 3)).
-3
-2 - (1 + -5 - -3)
-1
10 - (1 + 4) - (4 - -5)
-4
Calculate (-1 - (3 + -1 + 0)) + 4.
1
-7 - (-4 - 8) - (0 + 3)
2
Calculate 2 + 3 + (-2 - 3).
0
What is the value of (4 - 1) + (-45 - -46)?
4
What is the value of -3 - (3 + -1 - 2)?
-3
Evaluate -4 + 3 + 1 - 4.
-4
What is 1 - 6 - (-17 + (-1 - -9))?
4
What is 8 - (-18 - -7) - 11?
8
Calculate 1 + -1 - (8 + -18 - -6).
4
What is the value of 180 + -183 + (-1 - 0) + 1?
-3
What is (-4 - (7 + -4 - 3)) + 4?
0
What is the value of 3 + (-4 - (0 + -1)) - 6?
-6
16 + -11 - ((2 - -6) + 1)
-4
What is the value of -3 - (2 + 0 + 0)?
-5
What is the value of 19 - 9 - (12 + 2)?
-4
-2 - ((5 - (6 + -3)) + 0)
-4
Calculate 2 + (-3 - 3) + (-2 - -3).
-3
Evaluate -2 + 5 - (-1 - -4).
0
Calculate 0 + 4 + -9 + 4.
-1
What is (-6 - 2) + 7 + -5 + 0?
-6
What is 10 - (-9 + 2 + 13)?
4
Evaluate 0 + -6 + (5 - 0 - 4).
-5
Calculate -1 - 6 - (5 - 11 - 1).
0
What is the value of -5 + (6 - (4 + -2))?
-1
What is the value of (17 - 6 - 2) + -5?
4
Evaluate 0 + -7 + (5 - -4).
2
What is (-12